(n) = -n**2 + 6*n + 2. Let y be i(5). Determine q(y).
-5
Let m(h) be the first derivative of h**3/3 + 7*h**2/2 + 2*h + 108. Determine m(-6).
-4
Let y(a) = -4*a + 3. Suppose 2*m + 2*m + 3*b = 17, m - 1 = -4*b. Suppose -m*o - r + 6 = 0, o - r - 7 = -1. What is y(o)?
-5
Let p(f) be the third derivative of f**4/12 - f**2. Let y(w) = -w**3 - 15*w**2 - 15*w - 16. Let k be y(-14). Give p(k).
-4
Suppose 0 = 326*s - 356*s. Let d(r) = r**2 - 11. Determine d(s).
-11
Let d(q) = q**2 + 6*q + 7. Let k be d(-7). Let t = 19 - k. Suppose -2*m - t*x = 14, -6*m - 2*x = -m - 7. Let y(i) = -3*i + 3. Calculate y(m).
-6
Let i(g) = -7*g**3 + 5*g**2 + 7*g + 8. Let m(v) = v - 2. Let x be m(5). Let u(o) = o**2 + 1 + 18*o**x + o + 0 - 19*o**3. Let l(n) = -i(n) + 6*u(n). Give l(2).
8
Let w(y) = 1375*y**2 + 19*y - 1376*y**2 + 6*y + 52. What is w(27)?
-2
Let d be (-16)/(-3)*(-99)/(-66). Let j(q) = -q. Give j(d).
-8
Let o(w) = w**2 + w - 1. Let t(z) = 2*z**2 + 10*z + 8. Let c(k) = -k. Let r(s) = -8*c(s) - t(s). Let i(b) = o(b) + r(b). Suppose -v = -4*v. Determine i(v).
-9
Let u(n) = 4*n**2. Let i = 580 - 578. Calculate u(i).
16
Let l(d) = -6*d - 6*d - 11*d - 3 - 19*d + 26*d. Determine l(1).
-19
Let q = -16 - -8. Let n = -6 - q. Let d(o) = -3 - 6*o**n - 5*o + 0*o - 1 - 2*o**3 + o**3. What is d(-5)?
-4
Let m be -2*(5 + 62/(-4)). Suppose 150*r - 147*r = -m. Let z(q) = -3*q - 9. Determine z(r).
12
Let x = -139 - -146. Let i(c) = -3*c + 15. Calculate i(x).
-6
Let s(k) = -11*k**2 + 10*k - 23. Let x(d) = 7*d**2 - 6*d + 15. Let t(c) = -5*s(c) - 8*x(c). Calculate t(-4).
-13
Let x(q) = q**3 + 2*q**2 + 2*q + 3. Let f be x(-2). Let b(z) = z**3 - 2*z**2 - 2*z. Let s(p) = p**2 + p. Let d(n) = f*b(n) - 6*s(n). Determine d(-3).
3
Let x(o) = 8*o - 5. Let n be x(0). Let r(m) = 7*m - 1. Let p(y) = -3*y. Let j(l) = -9*p(l) - 4*r(l). Determine j(n).
9
Let s(d) = d**3 - 7*d**2 + 12*d + 5. Let w be s(4). Let f(c) = c**2 + 2*c + 6. Let o be f(0). Let z(k) = -4*k + 0*k + 3*k + o. Give z(w).
1
Let o(v) be the second derivative of -1/2*v**2 + 1/3*v**4 + 0 + 19*v - 1/3*v**3. Calculate o(-1).
5
Let a = 54 - 51. Let j(d) = -6*d**2 + 6*d + d**3 + 3*d**3 - a*d**3 - 1 - 1. Suppose 2*w + 1 = 11. Calculate j(w).
3
Let g(x) = -x**3 - 6*x**2 - 5*x + 1. Let o(j) be the second derivative of j**4/12 + 7*j**3/6 + 7*j**2/2 + 21*j. Let p be o(-4). Calculate g(p).
1
Let b(u) = u**2 - 8*u - 1. Let m be -6*((-6)/4 - -2). Let q be -4 + 9 + m + 5. Give b(q).
-8
Let t = -32 + 48. Let s be (81/6)/(12/t). Suppose -z = s - 14. Let b(u) = u**2 + 5*u - 1. What is b(z)?
-5
Let w(u) be the first derivative of -u**2/2 + 7*u + 81. Let q = 15 - 8. What is w(q)?
0
Let b(y) = y**3 - 6*y**2 - 76*y + 490. Let q be b(7). Let n(z) be the third derivative of -2/3*z**3 + 0*z + 0 - 1/24*z**4 - q*z**2. What is n(-6)?
2
Let s(m) = -m. Let f = 99 + -97. Suppose -u = 2*p - 4*u + 6, 10 = -p - f*u. Give s(p).
6
Let x(s) = s**2 - 4*s - 8. Let i = -4 - -22. Let d(z) = -z**2 + z + 8. Let h be d(-4). Let f = i + h. Calculate x(f).
4
Let c(i) = 1. Let p = -15 + -13. Let r(j) = -j + 5. Let n(y) = p*c(y) + 4*r(y). Calculate n(-6).
16
Let c(o) = -o**3 + o**2 - o - 1. Let n be c(-1). Let a(i) = -4*i - n*i + 4*i + 5*i + 5. Let l = -5 - -1. Calculate a(l).
-7
Let l be (-12)/(-3) + -3 + 5. Suppose l*s + 4*s = 40. Let i(f) = 2*f - 5. Give i(s).
3
Let w(n) = 3*n**3 - n**2 - 5*n - 8. Let r(c) = -2*c**3 + 4*c + 7. Let v(z) = -4*r(z) - 3*w(z). Let b be (-10)/(-4) + (-1)/(-2). Give v(b).
-7
Let i(m) = 2*m - 3*m - 6 + 0*m + 2*m. Let k(p) = -2*p**3 + p**2 + 3*p + 1. Let b be k(2). What is i(b)?
-11
Let n be (-1)/1 + -1 + -2. Let a be ((2 + -3)*0)/4. Let q(t) = a*t + 2*t + 2*t. Calculate q(n).
-16
Let o = -559 - -565. Let x(c) be the second derivative of 0 - c**3 - 5/12*c**4 + 1/20*c**5 - c + 1/2*c**2. Determine x(o).
1
Let q(u) = -3*u - 1. Let x(l) = l + 7. Let y be x(-6). Let s be -15*((-21)/15 + y). Let k be -2*(2 + s/(-4)). Give q(k).
2
Let s = 5 + -4. Let u(j) = -j**3 + j + 1. Let o(g) = 5*g**3 + 5*g**2 - 6*g - 8. Let l(a) = s*o(a) + 4*u(a). Suppose 7*h - 2 = -37. Give l(h).
6
Suppose -3*f + 83 + 94 = 3*b, -10 = 2*b. Suppose 0 = -8*w + 8 - f. Let x(u) = -u**3 - 6*u**2 + 10*u + 8. What is x(w)?
-13
Let c(a) be the second derivative of a**5/20 - 2*a**4/3 + 11*a**3/6 - 2*a**2 + 16*a - 6. Let s(v) = v**3 + 7*v**2 + 5*v + 1. Let g be s(-6). Determine c(g).
24
Let j = 1355 + -1361. Let y(v) = -v**3 - 7*v**2 + v + 2. What is y(j)?
-40
Let i(x) be the third derivative of x**5/60 + 7*x**4/24 + x**3/2 - 33*x**2. Let w(d) be the first derivative of i(d). Let s = -13 - -8. Calculate w(s).
-3
Let g(h) = h**2 + 5*h - 2. Let u be 18 + (1 + 0 - -1). Suppose -u = -4*o + 2*l, 3*o - 4*l = l + 29. Let w be -2*1/2*o. What is g(w)?
-8
Let m = 91 + -100. Let j(r) = -r**2 - 14*r - 12. Calculate j(m).
33
Let s(x) = -2*x - 13*x + 37 - 13*x + 26*x. What is s(16)?
5
Suppose 0 = 15*k - 13*k - 6. Let n = -2 - -5. Let s(i) = i**n + 4 - 4 + 1 + 2*i - 4*i**2. Give s(k).
-2
Let i(h) = h**3 + h**2 - h + 10. Let d(x) be the first derivative of -5*x**4/4 - 4*x**3/3 + 2*x**2 - 39*x + 18. Let f(j) = -2*d(j) - 9*i(j). Calculate f(0).
-12
Suppose 0 = -h + 10 - 8. Let q(d) be the first derivative of d**3/3 - d**2 + 3*d + 2. Calculate q(h).
3
Let y = -11 - -14. Suppose 3*b - 18 - y = 0. Let h = b + -8. Let a(l) = -10*l. Calculate a(h).
10
Let q(g) = -2*g**2 + 26*g + 3. Let u be q(13). Let j(y) = -2*y + 2. Calculate j(u).
-4
Let d(a) = a**3 + a**2 - a + 1. Let w(r) = 3*r**3 + 6*r**2 - 9*r - 2. Let z(o) = -2*d(o) + w(o). Calculate z(-5).
6
Let w(i) be the third derivative of 1/60*i**5 + 7/24*i**4 - 23*i**2 + 0 + 0*i + 0*i**3. Suppose 12 = -3*o + 2*o - 2*l, -3 = -2*o + 5*l. Give w(o).
-6
Let q(u) = u**3 + 6*u**2 - 6*u + 9. Let r = -41 + 34. Let n be r/(-3)*(5 - 8). Calculate q(n).
2
Let r(j) = j**2 + 57 + 125 - 177 + 6*j. Suppose 5*w + 29 = -0*w - 3*b, 0 = 2*b + 6. Give r(w).
-3
Suppose i + 2 = o, -i - 1 = -2*o - 2. Let p(l) = -7*l**3 - 2*l**2 - l + 2. Let c be p(o). Let d(z) = 176 - 3*z - c. What is d(-1)?
3
Let g(r) = r**3 + 5*r + 18 - 7 + 6*r**2 - 9. Give g(-5).
2
Let m(z) = -15*z**3 - 13*z**2 - 6*z - 10. Let s(c) = -13*c**3 - 12*c**2 - 6*c - 9. Let y(q) = -6*m(q) + 7*s(q). What is y(-4)?
-11
Let d be -1 + (-14)/6*-3. Let y(m) = -2*m + 7. Let l be y(d). Let c(q) = -4*q + 7. Let b(u) = -5*u + 7. Let s(j) = 6*b(j) - 7*c(j). Calculate s(l).
3
Let f(s) be the second derivative of -s**5/20 + s**4/4 + s**3/3 - s**2/2 + s. Let h be (8 - (-282)/(-30))*-5 - 4. Determine f(h).
5
Let t(y) be the first derivative of y**3/3 + 11*y**2/2 + 397. What is t(-8)?
-24
Let r = 2 - 1. Let h(t) be the first derivative of -t**6/40 - t**5/60 + t**4/24 - 3*t**2/2 + 5. Let o(f) be the second derivative of h(f). What is o(r)?
-3
Let w(k) be the second derivative of -k**5/20 + 7*k**4/12 - k**3 - k**2/2 - 12*k + 2. Give w(6).
-1
Let u = 26 - 26. Let k(p) = -p**3 + 43. Give k(u).
43
Let n(u) be the third derivative of 0*u - 1/3*u**3 - 1/24*u**4 + 2*u**2 + 3. Suppose -3*w - 15 = -3*x, 4*w + 10 = x + 2*w. Determine n(x).
-2
Let d(a) be the second derivative of 0 - 1/2*a**2 + 1/6*a**3 + 3*a. Suppose -f = -2*u - 1, 3*u + 5*f + 0 = -8. Calculate d(u).
-2
Let o(m) = 8*m**2 + 0*m**2 - 9*m**2 + 34 - 12*m - 22*m + 3*m**2. Give o(16).
2
Let b(i) = 4*i - 1. Let a be 5/1 + 4/(-4). Suppose 3*p + 5 + 18 = 5*n, a*n - 21 = 5*p. Suppose 2*j = -4*m - 22, -n*j = -m - m - 6. Give b(j).
-5
Let i(j) = -j**3 + 8*j + 1. Let x be i(3). Let w be (-7)/((-294)/(-12)) + x/(-7). Let c(g) = g**3 - g**2 + g - 2. What is c(w)?
-2
Let t(a) = 6*a + 7. Suppose 3*k = p + 8, -p + 5*p + 19 = -k. Let r(y) = -y - 1. Let d(w) = k*t(w) + 4*r(w). Give d(-5).
-7
Let z(t) = t. Suppose -3*m + 6*m = 45. Let d = m + -21. Let c = -9 - d. What is z(c)?
-3
Let g(k) = 3*k - 12. Let w be g(5). Suppose z + w*m = -17 + 6, 2*z + 33 = 5*m. Let o(b) = -b**3 - 13*b**2 + 15*b + 20. Calculate o(z).
6
Suppose -419*m = -414*m - 10. Let t(n) = n**3 - 2*n. Give t(m).
4
Let c(v) = v**2 - v + 3. Let g = 36 + -24. Suppose -w + 5*w - g = 0. Give c(w).
9
Let d be (-34)/391 - 117/(-23). Let v(t) = -4*t + 10. Determine v(d).
-10
Let o(p) = -13*p**2 - 14*p. Let q(i) = 7*i**2 + 7*i. Let r(h) = -4*o(h) - 7*q(h). Let z(s) = -2*s**2 - 3*s. Let b(f) = -3*r(f) - 5*z(f). Determine b(5).
-5
Let u(w) = -w**3 + 2